tens digit of s(j)?
5
Let h be 3 - 15/(-25)*-5. Suppose 0*l + 5*l + t = 784, h = 5*t - 20. Suppose -2*i + l = i. What is the units digit of i?
2
Let k be 4/6 + (-26)/39. Suppose k = i + 6 - 1, -3*g - 2*i + 227 = 0. What is the tens digit of g?
7
Let p be 164/4 + (-6)/2. Suppose -3*t + 106 = 3*d + t, -d = 2*t - p. What is the units digit of d?
0
Suppose 5*g + 5*u - 85 = 0, -4*g - g = -u - 61. Let c(a) = 22 - 24*a + 22*a + 20 - g. What is the units digit of c(0)?
9
Suppose 0 = -t - t + 8. Suppose t = -5*f + 29, 2*j = -4*f + 148. Let y = 94 - j. What is the tens digit of y?
3
Let j = -35 - -32. What is the tens digit of (j + 0)*14/(-21) + 45?
4
Let x = 14 - 21. Let w = x + 5. What is the units digit of (w + 1)*35/(-5)?
7
What is the tens digit of 499/2 - (-5)/(-10)?
4
Let h(w) be the first derivative of 3 + 2*w - 3/2*w**2. What is the units digit of h(-4)?
4
Let f = 13 + -17. Let v(s) = -s**3 - 2*s**2 + 2*s - 6. What is the units digit of v(f)?
8
Let c be (-14)/49 - 5/7. Let m = c - -4. Suppose m*i - 135 = -2*i. What is the units digit of i?
7
Let b(p) = 4*p + 9. Let n be b(9). Suppose -606 = -4*h + 42. What is the units digit of (h/n)/(1/5)?
8
Let g(s) = -19*s**2 + 2*s + 1. Let n be g(-2). Let y be 4/(96/(-9)) + 18000/(-128). Let t = n - y. What is the tens digit of t?
6
Let a(s) = 70*s**2 - 3*s + 25. What is the units digit of a(-5)?
0
Let t = 19 - -8. Let g be t/5 - (-6)/10. Let c = 52 - g. What is the tens digit of c?
4
Suppose 6*n - 26 = 2*n + 2*i, 0 = -3*n - 3*i + 6. Suppose -n*h + 15 = 0, -3*f - 2*h = -4*f + 110. What is the tens digit of f?
1
Let l(x) = -x**3 - x**2 + 2*x + 3. Let p be l(-2). What is the tens digit of (41 - (p - 2))/1?
4
Suppose 215*j - 2097 = 214*j. What is the thousands digit of j?
2
Let y be ((-3)/(-2))/((-2)/(-12)). Let q(x) = 8*x**2 + 3*x - 4. Let g be q(2). What is the units digit of g/((4 - y)/(-10))?
8
Let y = 99 + 81. What is the tens digit of y?
8
Let v(n) = 30*n - 5. Let g be v(5). Let z = 12 - 12. Suppose -5*l + 0*l + g = z. What is the units digit of l?
9
Let h(c) = -c + 8*c - 4 - 3*c. Let v be h(3). Suppose -4*b - 2*g = 2*g - 56, b = g + v. What is the tens digit of b?
1
Suppose -12*d = -3*d - 567. What is the tens digit of 21/d*(1 - -200)?
6
Let l(k) = -k**3 - 10*k**2 - 17*k + 22. Let u be l(-8). Suppose -4*z + 191 + 69 = 0. Let w = z - u. What is the units digit of w?
5
Let u = 1751 + -276. What is the hundreds digit of u?
4
What is the tens digit of (-15)/((-45)/1794) - (-1)/1?
9
Suppose -1 = x + 5*z - 11, 4*z = 5*x - 21. Suppose -x*p = 5*s - 50, -3*s + 24 - 6 = p. What is the units digit of p?
6
Let b(d) = -d**3 + 6*d**2 + 2*d - 12. Let l be b(6). Let q(w) = w**2 - 2*w + 131. What is the hundreds digit of q(l)?
1
Let p be -45 - (-3 + 0)/3. Let z = p - -73. Suppose -z = -2*k + 29. What is the units digit of k?
9
Let d(x) = 31*x**2 + 54*x + 3. What is the hundreds digit of d(4)?
7
What is the units digit of (-6172)/(-32) - (-2)/16?
3
Suppose 5*a + 178 = a - 2*b, 5*a = 5*b - 215. Suppose 190 = 2*h + 54. Let c = a + h. What is the tens digit of c?
2
Let c = -727 - -1399. What is the units digit of c?
2
Suppose 3*g - 14 = 4. What is the tens digit of g/4 + 425/2?
1
Suppose 0 = 4*g - 10*g - 12. Let d be (-180)/(-75)*(-125)/g. Suppose 3*j = -0 + d. What is the units digit of j?
0
Let u(v) = -v**3 - 13*v**2 + 33*v - 41. What is the hundreds digit of u(-17)?
5
Let j = 18 - 18. Suppose j = -2*a + a + 4. Let c = a - -9. What is the tens digit of c?
1
Let l(u) = -2*u**3 - 30*u**2 + 13*u + 48. What is the units digit of l(-18)?
8
Let p(a) = a - 1. Let m(d) = -2*d + 27. Let h(k) = m(k) + 3*p(k). Suppose -3*q + 3 = -2*q - 3*z, q + 5*z = -5. What is the tens digit of h(q)?
2
Let c be (-1 - 1) + 1 + -1. Suppose 38*u + 21*u - 1062 = 0. Let i = u + c. What is the units digit of i?
6
Suppose 233 = 2*h + u - 68, 597 = 4*h + 3*u. Let b = h - 85. Suppose 3*i - 40 = j, -5*i - 4*j + b = -5*j. What is the units digit of i?
4
Let n(w) = 19*w - 56. Let u be n(4). Suppose -u*s + 2140 = -880. What is the tens digit of s?
5
Let o(n) = -12*n - 16. Suppose -3*g - 28 = 4*j, -3*j - j - 5*g = 20. What is the hundreds digit of o(j)?
1
Let n = -2707 + 5048. What is the units digit of n?
1
Suppose 55 = 2*q + 15. Let n = q - 15. Suppose 0 = f + 3*f + 16, -n*f - 49 = -k. What is the tens digit of k?
2
Let m be (1 - 1)/(0 - 1). Suppose -33 - 219 = 12*w. Let c = m - w. What is the units digit of c?
1
Suppose -4*y + 3*o - 3 = -2*y, 4*y + 4*o = 24. Let i(h) = 5*h - 4. Let k be i(y). Let b(j) = 2*j + 7. What is the tens digit of b(k)?
2
Let g(f) = 34*f**2 + f - 1. Let h be g(1). Let m = 22 + h. What is the tens digit of m?
5
Let g(c) = -2*c**3 + 83*c**2 - 75*c - 61. What is the hundreds digit of g(40)?
7
Suppose -20 = 4*n, 3*n = -3*g + 3 - 12. What is the tens digit of (-1)/(g*4/(-648))?
8
Let o(m) = 34*m**2 + 263*m + 24. What is the tens digit of o(-10)?
9
Let f be 2 - (-60)/(6/(-2)). Let h be 2/9 - 1364/f. Let l = h - 46. What is the tens digit of l?
3
Let g(x) be the second derivative of 7*x**3/2 + x**2 + 13*x. What is the tens digit of g(4)?
8
Let z = 789 + -115. What is the tens digit of z?
7
Suppose -4*p = 179 - 43. Let f be (-4)/6 - p/6. Suppose 4*b - 2*c = -0*c + 34, f*b + 4*c = 75. What is the units digit of b?
1
Let x = 399 + -65. What is the units digit of x?
4
Let m = -14 - -5. Let h(f) = -f**3 - 10*f**2 - 13*f + 3. Let p be h(m). Suppose 0 = -2*v + 6, 2*u - 3*v + p = 3*u. What is the units digit of u?
0
Suppose 3*z = -2*k + 4018, 7*z - 6*z = 0. What is the units digit of k?
9
Let d = 2556 + -1468. What is the thousands digit of d?
1
Let m(j) = -7*j + 32. Let w(p) = -1. Let o(t) = -m(t) - 2*w(t). What is the units digit of o(15)?
5
Let u be (-2)/6 - 40/(-12). Suppose -u*p = -4*p + 108. Suppose -r + p = 3*r. What is the tens digit of r?
2
What is the hundreds digit of (-62)/961 - (-211362)/62?
4
Suppose 0*p = p + 1. Let z = 38 - 46. What is the units digit of (-32)/z + (-25)/p?
9
Let x(z) = 10*z**2 - 1. Let u be x(1). Let y = 11 - u. Suppose 0 = y*b - 4*j - 32, 0 = -b + 4*b + 5*j - 48. What is the tens digit of b?
1
Let z be (5 + (-28)/6)*(-24)/2. What is the tens digit of 1558/57*(-6)/z?
4
Let g be 6/(-4) + 3/2. Suppose 2*w + g*f + 3*f - 35 = 0, 4*f = -3*w + 52. What is the units digit of w?
6
Let k(m) = -m**3 + 29*m**2 - 36*m + 79. What is the tens digit of k(27)?
6
Let n(h) be the first derivative of -5*h**2/2 + 5*h + 1. Let v be (-14)/3*(5 - 14/4). What is the units digit of n(v)?
0
Suppose -2*d + 5*t = 2*t + 407, 2*d = -3*t - 413. Let m = -100 - d. What is the hundreds digit of m?
1
Suppose k - 5*s + 6 = -8, -2*k + 20 = 2*s. Suppose 5*n - n = 32. Suppose -d + n = -k. What is the tens digit of d?
1
Let a(n) = 8*n**2 + 2*n - 23. What is the tens digit of a(-6)?
5
What is the thousands digit of ((-514 + 5)*-3)/(1 + 0)?
1
Suppose 5*d - 4*f - 72 - 58 = 0, 4*f = 3*d - 70. Suppose -x - d = -89. What is the tens digit of x?
5
Let p be 2 - (2 - (0 - -2)). Let f(v) = -5*v + 1 + 2 - p + 0. What is the units digit of f(-3)?
6
Let s(q) = -2 + q + 3*q**2 + 2*q - 2*q + 2*q**2. Suppose 5*n - n + 28 = 4*m, 5*m - 4*n - 30 = 0. What is the tens digit of s(m)?
2
Let g = 40 + -24. Let y = g - -8. Let i = y + 3. What is the tens digit of i?
2
Suppose 6*x = 3203 + 1555. What is the units digit of x?
3
Suppose -m - 12 = -5*m. Suppose m*x - 38 = -2. What is the units digit of x?
2
Let t = -33 - -37. Suppose t*z + 5*g - 326 = 0, -154 = -2*z + 4*g - 2*g. What is the units digit of z?
9
Let r(y) = 2*y + 2. Let n be r(2). Suppose -5*o = 3*p, -2*p = -6*p - 20. Let a = n + o. What is the units digit of a?
9
Let i(l) be the second derivative of l**4/3 + 7*l**3/3 - 21*l**2 + 19*l - 1. What is the units digit of i(4)?
8
Let f be 3 + -3 + (4 - 1). Suppose 9*q - 456 = f*q. What is the units digit of q?
6
Suppose 5*r - 185 = -0*r. Let i = -6 - -8. Suppose -2*w - i*x + 38 = 0, 2*w = 5*w - x - r. What is the units digit of w?
4
Suppose -2*j - 18 - 632 = 0. Let x = -151 - j. What is the hundreds digit of x?
1
Suppose -a = 9 - 18. Suppose 20 = 4*y + 4*z, -2*z + a = y + z. Suppose y*b + 0*b - 111 = 0. What is the tens digit of b?
3
Let t = 123 + -129. What is the units digit of (2 - -1)*t/((-54)/15)?
5
Let s = -20 + 25. Suppose s*k + l = 290, -k + 3*l + 251 = 3*k. What 